 divided by v?
7
Let s = -83 - -117. Calculate the remainder when s is divided by 12.
10
Let p(o) = -o**2 + 8*o + 4. Let k(h) = -h**3 + 9*h**2 + 10*h + 6. Let a be k(10). Calculate the remainder when 61 is divided by p(a).
13
Let o be 27/9 - 1*-3. Suppose f - 3*q - 13 = o, q = f - 21. What is the remainder when f is divided by 12?
10
Let f be (-4)/(-3) + (-6)/(-9). Suppose -f*w = -0*w - 16. Suppose 0 = 3*k - 3*g - 81, 5*k - 69 - 30 = -4*g. Calculate the remainder when k is divided by w.
7
Let m = -85 - -145. Let j = -29 + m. What is the remainder when j is divided by 17?
14
Let u = 3 - -16. What is the remainder when 54 is divided by u?
16
Suppose -3*v + 2*v = -4, -2*z + v + 52 = 0. Let p(n) = n**2 + 2*n + 1. Let w be p(-3). Suppose -w*x = -65 + 5. Calculate the remainder when z is divided by x.
13
Let s(z) = -z - 2. Let a be s(-6). Suppose -3*h + a*h - 8 = 0. What is the remainder when 14 is divided by h?
6
Let j = 30 - 20. Let u(h) = h**2 - 2*h + 2. Let c be u(2). Calculate the remainder when 57*(c/(-3) + 1) is divided by j.
9
Suppose -2*r - r = 0. Suppose 2*k - z = 102, k - 39 = -2*z + 17. Suppose r - k = -4*t. What is the remainder when 25 is divided by t?
12
Suppose -7*g = -6*g - 49. Calculate the remainder when g is divided by 65/4 - 18/(-24).
15
Suppose -3*i + 8 + 25 = 0. What is the remainder when 28 is divided by i?
6
Suppose -2*j - m = -47, 4*j = -4*m + 44 + 40. Calculate the remainder when j is divided by 14.
12
Let q(l) = 21*l + 2. Let w be q(2). Let r be (-30 + -1)*11/11. Let j = r + w. Calculate the remainder when j is divided by 5.
3
Let s(u) = -39*u**3 - 2*u**2 + 1. Let z be s(1). Calculate the remainder when (z/(-30))/((-2)/(-6)) is divided by 2.
0
Suppose -3*r + 3*k = 4*k - 201, 4*r + k = 267. Calculate the remainder when r is divided by 17.
15
Suppose -5*x - n + 257 = 0, 5*x + 2*n - 269 = 5*n. Suppose -2*j - 2*j - x = 0. Let y = j + 49. What is the remainder when y is divided by 19?
17
Let b(a) = 172*a**2 + 8*a - 8. What is the remainder when b(1) is divided by 44?
40
Let v be (4/6)/((-4)/(-198)). Suppose v = 3*i - 24. Calculate the remainder when i is divided by 11.
8
Suppose -243 = -8*p + 37. What is the remainder when 101 is divided by p?
31
Suppose -a + 5*a - 68 = 0. Suppose 0*h + 2*h = -2*f - 998, -4*h + 4*f = 1956. Calculate the remainder when h/(-10) - (-2)/(-5) is divided by a.
15
Suppose 0 = 9*q - 248 - 121. What is the remainder when q is divided by 22?
19
Calculate the remainder when 33 is divided by 16 + (-10 - -4) + 2.
9
Let v = -2 - -4. Let i(b) = v*b - 5 - 4*b + 1. Calculate the remainder when 7 is divided by i(-4).
3
Suppose -2*v - 10 = x, 8 = -2*x + 2*v - 6. What is the remainder when (78/4)/((-6)/x) is divided by (-10)/35 + 100/7?
12
Let h(c) = -c. Suppose -m + 15 = -3*y, 5*m + 2*y = -0*m + 7. Suppose -5*n = 3*k - 87, -n + m*k = k - 7. Calculate the remainder when n is divided by h(-4).
3
Let j = 11 + -7. Let b = j + -3. Calculate the remainder when 3 is divided by b.
0
Let g = 12 - -49. Let u = g - 30. Let o = -14 + 25. Calculate the remainder when u is divided by o.
9
Let b(m) = m**3 - 2*m**2 - 3*m - 4. Let i be b(3). Let h = -29 - -59. Calculate the remainder when h is divided by 2/i - (-23)/2.
8
Suppose 8*d - 4*d = 92. What is the remainder when d is divided by 8?
7
Let s(k) = k**2 + 2*k + 3. Suppose 10 = 6*y - y. Calculate the remainder when (2 - (-5 - y)) + -2 is divided by s(-2).
1
Suppose -11*g = 37 - 301. Calculate the remainder when 117 is divided by g.
21
Suppose -2*o - o - 6 = 0, -5*o - 66 = -4*z. What is the remainder when (-4896)/(-90) - (-3)/5 is divided by z?
13
Suppose o + 5 = 27. Suppose -38 = -3*z + 4*c, 0 = -2*z + 5*c - 4*c + o. What is the remainder when 38 is divided by z?
8
Let v be (1 - 2) + 7 - -2. Let s(t) = 1 - v + 5 - 3*t. Calculate the remainder when s(-2) is divided by 3.
1
Let m(o) = -o**3 - 10*o**2 + o + 11. Let s be m(-10). What is the remainder when 13 is divided by (s/3)/((-3)/(-36))?
1
Suppose -2*x - 3 = 4*d - 25, 0 = 5*x - d - 22. Suppose -16 + 1 = -x*q. Suppose 3*l - 17 - 14 = -4*o, 0 = 2*o - 8. What is the remainder when l is divided by q?
2
Let r be 1/3*1*3. Suppose 4*a + 0*a = -5*o + 29, 3*o - 14 = a. What is the remainder when -16*(0 + r/(-2)) is divided by o?
3
Suppose 916 = 2*r - 6*r. Let f = -134 - r. Suppose -5*m + f = 40. What is the remainder when 32 is divided by m?
10
Let q(h) = -h + 1. Calculate the remainder when 31 is divided by q(-7).
7
Suppose -2*t - 5*a - 54 = 32, 0 = 4*t + 5*a + 192. Let k = t - -91. Let o(f) = 5*f - 2. Calculate the remainder when k is divided by o(3).
12
Let i = -20 - -8. Suppose 5 = 2*u - 11. Calculate the remainder when (-172)/i + 2/(-6) is divided by u.
6
Let c(i) = -2*i - 1. Let y be c(-2). Suppose 0 = o - y*o + 76. Suppose 4 - 24 = -k. Calculate the remainder when o is divided by k.
18
Suppose 3*m = 9 + 21. What is the remainder when 28 is divided by m?
8
Let s(x) = x**3 + 6*x**2 - 8*x - 3. Suppose 3*f - 2*a - a - 51 = 0, -f + 11 = a. Calculate the remainder when f is divided by s(-7).
2
Suppose 4*o = 36 + 60. What is the remainder when 45 is divided by o?
21
Suppose 4*v = 4, 2*q - 5*v - 143 = -22. What is the remainder when q is divided by ((-2937)/12)/(-11) + (-1)/4?
19
Suppose v = -v - 8. Let y = v + 7. What is the remainder when y is divided by 2?
1
Suppose 45 = r + 2*r + 4*l, -5*r = 2*l - 89. Let f be 1/2*4/(-2). Let c(t) = -11*t - 1. Calculate the remainder when r is divided by c(f).
9
Let a be (-1)/(-3) + (-183)/9. Let c = -13 - a. What is the remainder when 13 is divided by c?
6
Let f = -49 - -92. What is the remainder when 126 is divided by f?
40
Calculate the remainder when (-8)/12 + 212/3 is divided by (-16)/(-3)*3 - -2.
16
Let p(w) = 7*w + 22 - w**3 - 8 - 6*w. What is the remainder when 55 is divided by p(0)?
13
Let t(c) = -17*c - 22. What is the remainder when t(-5) is divided by 13?
11
Suppose -3*q + 573 - 192 = 0. Calculate the remainder when q is divided by 32.
31
Let y be (-6)/2 - (-2 - 24). Suppose y = 3*t + 8. Let b = 9 - 1. What is the remainder when b is divided by t?
3
Let y(x) = -x**2 + 6*x. Suppose -3*d - g = -87, g = 1 + 2. Suppose d = 15*c - 13*c. What is the remainder when c is divided by y(4)?
6
Suppose 11 = 2*k - 13. Calculate the remainder when 21 is divided by k.
9
Calculate the remainder when 3 - 4 - (3 - 27) is divided by 7.
2
Let f(w) = w**2 - 9*w + 3. Let x be f(9). Suppose -5*n = -a - 72, -48 = -x*n + 2*a + a. What is the remainder when 26 is divided by n?
12
Let f = 10 + -15. Let y = 0 + -11. Let r = f - y. What is the remainder when 17 is divided by r?
5
Let c(u) = -2*u - 2. Suppose -2*z - 20 = 3*z, -5*k - 47 = 3*z. Let j = 63 + -29. What is the remainder when j is divided by c(k)?
10
Let g = 407 - 291. What is the remainder when g is divided by 24?
20
Suppose -5*d = -d - 28. Let l = 5 - 1. What is the remainder when -4*((-17)/l - -1) is divided by d?
6
Let q(a) = a**2 - 5*a + 5. Let t(g) be the second derivative of 2*g**3/3 - 3*g**2/2 - 3*g. Let i be t(2). What is the remainder when 13 is divided by q(i)?
3
Let p(b) = -b**2 + b - 21. Let c be p(0). Let s be (-38)/(3 + c/9). Let q = s - -106. Calculate the remainder when q is divided by 13.
10
Suppose -4*v + 3 = -2*p - 3*p, -50 = -5*v - 3*p. What is the remainder when 19 is divided by v?
5
Let o(j) = -j**3 + 4*j**2 + 2*j + 4. Let u be o(4). Suppose -3*f = 2*q - 10, 4*f + q - 7 = 2*f. What is the remainder when f is divided by (1/1)/(4/u)?
1
Let g(k) = k**2 - 8*k - 7. Let x be g(9). Suppose 0 = x*i - 25 + 3. Calculate the remainder when 42 is divided by i.
9
Let z(g) = -2*g**3 + 2*g**2 - 1. Let d be 9/(-3) + -2 + 4. What is the remainder when 8 is divided by z(d)?
2
Let d(s) = -7*s - 2. Let i be d(-5). Let q = 63 - i. Suppose -q = -4*m - 2*y, 0 = 5*m - 5*y + 2*y - 65. Calculate the remainder when 28 is divided by m.
8
What is the remainder when 61 is divided by ((-3)/(-3))/((-2)/(-32))?
13
Suppose 41 = 5*a - 34. Calculate the remainder when 57 is divided by a.
12
Let g = 8 - 5. Suppose 5*x - 2 = g. Suppose 2*q = 4*q - 4. What is the remainder when q is divided by x?
0
Let u be 2*(-1 - 14/4). Let b = 1 - u. Calculate the remainder when 37 is divided by b.
7
Let x be -12*2*3/(-12). Suppose -x = f - 3*f. Suppose s + 5*c + 3 - 33 = 0, -f*c 